-8*h/(-8) - -2.
3
What is the remainder when 42 is divided by 382/14 - (-3)/((-189)/18)?
15
Let a(o) = o**3 + 17*o**2 + 5*o + 98. Calculate the remainder when 24 is divided by a(-17).
11
Suppose 3*d - 4*v = 29, -3*d - 12 = 4*v - 1. What is the remainder when (8/(64/(-12)))/((-3)/26) is divided by d?
1
Let d(y) = 8*y + 51. What is the remainder when d(-4) is divided by 6?
1
Let u = 757 - 685. Calculate the remainder when 571 is divided by u.
67
Let n = -385 + 410. Calculate the remainder when n is divided by 16.
9
Suppose -97 = -5*n - 22. Suppose 8 = -4*b, -3*r + 0*r + 69 = 3*b. What is the remainder when r is divided by n?
10
Suppose x - 251 = -3*x + j, -4*j = -4. Calculate the remainder when 29 is divided by 7/(-49) - (-3)/(x/402).
10
Suppose -216 = -2*x + 5*i, -223 = -5*x - 5*i + 317. Suppose n - x - 111 = 0. What is the remainder when n is divided by 17?
15
Let g(k) = k**3 + 14*k**2 + 20*k - 4. Calculate the remainder when g(-12) is divided by 12.
8
Suppose 6*i - 4*i - 20 = 0. Calculate the remainder when i is divided by 10.
0
Suppose -p + 4*p = -3*b + 87, 2*b - p - 58 = 0. Calculate the remainder when 200 is divided by b.
26
Suppose 5*w - 1060 = -5*o, o = -2*w - 0*o + 429. Let c = -140 + w. Calculate the remainder when c is divided by 26.
25
Suppose 0 = 2*q + 5*r - 547, -9 - 245 = -q + 4*r. Calculate the remainder when q is divided by 15.
11
Suppose -3*d - 4*a + 32 = 2*d, 2*d + 5*a = 23. Calculate the remainder when 35/(-3 - -5 - (-2 - -3)) is divided by d.
3
Suppose 0 = -135*l + 128*l + 49. What is the remainder when 796 is divided by l?
5
Let w = -257 - -449. Calculate the remainder when w is divided by 13.
10
Let q be -1 + (1 - (0 + -5)). Suppose q*h + 0 = 2*m - 37, -3*h = m - 13. Let x(f) = 2*f**2 + 16*f - 36. Calculate the remainder when x(3) is divided by m.
14
Let l = -970 + 981. What is the remainder when 163 is divided by l?
9
Suppose m - 3 = -w - 2, -w = -m + 5. What is the remainder when (-2)/((-10)/131) - m/15 is divided by 14?
12
Let x = 1280 + -1136. Calculate the remainder when x is divided by 18.
0
Let y(o) = 5*o**2 + o + o - 3*o**3 - 6 + 2 + 2*o**3. Calculate the remainder when 22 is divided by y(5).
4
Suppose -2*q + 48 = -4*z - 0, -5*z = q - 10. Let w be 39/(5/(40/6)). Suppose 0 = 2*b + w - 208. What is the remainder when b is divided by q?
18
Let x(t) = -t**2 + 6*t + 85. Let a(p) = 2*p - 5. Let g be a(4). Suppose -17 = -g*w + 58. Calculate the remainder when w is divided by x(12).
12
Let z(o) = -2*o**2 + 35*o - 15. Let a be z(17). Suppose 35 = 2*c - 3*t, -14 = -2*c + a*t + 16. What is the remainder when 17 is divided by c?
7
Let b(p) = -24 + p + 3*p + 25 + 11*p**2. What is the remainder when b(-3) is divided by 45?
43
Suppose -1330*p + 1322*p + 8832 = 0. What is the remainder when p is divided by 17?
16
Let y(g) = -g**2 + 18*g - 3. Let s be y(15). Suppose 2*v + l = s, 82 = 4*v - 0*l + l. What is the remainder when 37 is divided by v?
17
Let q(k) = -k**3 - 23*k**2 - 20*k + 36. Let j be q(-22). Calculate the remainder when 39 is divided by j + 53/7 + 150/7.
18
Suppose 15*s - 11*s - 84 = 0. Calculate the remainder when s is divided by 13.
8
Suppose 2*w + 4*j = 48, w + 5*j + 13 = 31. What is the remainder when 110 is divided by w?
26
Let x(y) = 54*y + 6. Let n be x(-3). Let c = 102 - n. Suppose -8*z + c = -2*z. What is the remainder when z is divided by 15?
13
Let b = -358 - -365. Calculate the remainder when 18 is divided by b.
4
Suppose -320 = 15*v - 31*v. Calculate the remainder when v is divided by 6.
2
What is the remainder when 3844/14 + ((-162)/14 - -11) is divided by 59?
38
Let w(c) = c**3 - 73*c**2 - 227*c + 130. Calculate the remainder when w(76) is divided by 9.
8
Suppose -4*g - 5*r = -84, 3*g - 52 = -g + 3*r. Suppose g - 34 = -q. Calculate the remainder when 31 is divided by q.
13
Suppose 0 = 17*t - 6*t - 77. Let w(r) = -7*r + 53. Calculate the remainder when -22*2/(-4) + -2 is divided by w(t).
1
Let p(w) = -w**3 - 16*w**2 - 8*w**2 + 4 - 7*w + 33*w**2. Calculate the remainder when p(8) is divided by 5.
2
Let p = -203 + 218. What is the remainder when 47 is divided by p?
2
Let p be -25 + 2*(-3)/(-6). Calculate the remainder when 16 is divided by (-140)/(-24) + (-4)/p.
4
Let o(n) = 2*n**2 + 23*n - 1. Let v(j) = j**3 - 5*j**2 + 5*j + 2. What is the remainder when o(-12) is divided by v(4)?
5
Suppose -12*y + 7*y = -25. Suppose -t = -y, -t - 28 = -2*b + 41. What is the remainder when b is divided by 13?
11
Suppose 0 = 3*x - 23 + 38, -5*z = 4*x - 285. Calculate the remainder when 365 is divided by z.
60
Suppose -5*q = -4*f - 667, -5*q - 4*f + 106 + 577 = 0. What is the remainder when q is divided by 42?
9
Let g = -30 + 50. Let y(o) be the second derivative of o**5/20 - o**4/3 - 5*o**3/2 + 17*o**2/2 + 14*o. What is the remainder when y(7) is divided by g?
19
Let q(l) = l**3 + 9*l**2. Let s be q(-9). Suppose -3*g = 4*f - s*g - 48, 3*g = -f + 21. What is the remainder when 31/(((-6)/f)/(-2)) is divided by 24?
21
Let k = -1 - -5. Let y = 27 + k. Suppose 2686*a = 2703*a - 187. Calculate the remainder when y is divided by a.
9
Let g be (6/2 - 2)*0. Suppose -2*a + n = -9, -3*a + g*n + 2*n = -12. Calculate the remainder when 11 is divided by a.
5
Suppose -2 = l + f, 3*f + 3 = l - 11. Suppose 2*i - 3*i + 8 = 3*c, 2*c + 2 = 3*i. What is the remainder when ((-51)/(-3))/(c/l) is divided by 10?
7
Let v = -199 + 140. Let x = -41 - v. What is the remainder when 88 is divided by x?
16
Let h(v) = 23*v + 1. Let b = -3761 + 3856. Calculate the remainder when b is divided by h(1).
23
Let x = 157 - 153. Calculate the remainder when 57 is divided by x.
1
Let s(y) be the third derivative of y**5/5 + y**4/12 - y**3/3 - 13*y**2. What is the remainder when 42 is divided by s(1)?
6
Suppose -18*q + 23*q = 380. Suppose -2*c - s - q = s, 3*s = 0. What is the remainder when 42 is divided by (-5)/10 + c/(-4)?
6
Suppose 3*s - 8*s + 25 = 0. Suppose s*t + 9 = -5*v - 26, 4*v = 4*t - 44. What is the remainder when (-6 - v)/((-6)/(-62)) is divided by 17?
14
Suppose 0*r - 3*r = 4*g + 8, 4*r - 41 = 5*g. Calculate the remainder when r is divided by 4.
0
Let p = -114 + 241. Calculate the remainder when p is divided by 22.
17
Suppose -2*g - 6*g = -448. Let n = g + -38. Calculate the remainder when n is divided by 7.
4
Suppose 5*s = -12*s + 714. What is the remainder when s is divided by 23?
19
Suppose 3*c - 3*j - 57 = 0, -2 = 7*j - 8*j. Let p(x) = -15*x + 6. What is the remainder when p(-5) is divided by c?
18
Let s = 2 + 0. Suppose s*u - 35 = 3*i + 28, -5*u + 151 = -i. Suppose -v - z + 15 = z, -z - u = -v. What is the remainder when 73 is divided by v?
23
Let s(l) = -l**3 + 9*l**2 - 21*l + 30. Calculate the remainder when s(5) is divided by 14.
11
Suppose -2*t = -2*q, -q + 10 = -2*t + 3*q. Suppose 0 = -9*v + t*v + 336. Calculate the remainder when v is divided by 2 - (4 - 2) - -29.
26
Let n = -294 + -163. Let h = -299 - n. Suppose -4*d + 83 + 77 = 0. Calculate the remainder when h is divided by d.
38
Let o(i) = 4*i - 39. What is the remainder when 88 is divided by o(13)?
10
Suppose 0 = -n + 5*c + 156, 439 = 5*n + c - 367. Calculate the remainder when n is divided by 41.
38
Calculate the remainder when 106 is divided by (4/3)/((-4)/(-114)).
30
Let u = 1239 + -1236. Calculate the remainder when 464 is divided by u.
2
Suppose -h - 9 = -31. Let m(k) = -k - 7. Let v be m(5). What is the remainder when v/(-42) + 906/14 is divided by h?
21
Suppose 1308*p + 128 = 4*u + 1304*p, 0 = -p - 2. Let w = 168 - 111. What is the remainder when w is divided by u?
27
Suppose 27*r - 14100 = -20*r. What is the remainder when r is divided by 100?
0
Let k be (15/6 - 2)*22. Let p be k + (-3 - -5) + -3. Let j(d) = d**3 - 11*d**2 + 12*d - 13. Calculate the remainder when 11 is divided by j(p).
4
Suppose 826*c - 820*c - 48 = 0. Let q(i) = 20*i**2 + i. What is the remainder when q(1) is divided by c?
5
Suppose -5*i = 5*q - 355, i + 9*q - 61 = 13*q. What is the remainder when i is divided by 19?
12
Suppose -p = -3*f + 64, 2*f + f = 12. Let i be 5*(-2 - p/20). Suppose 2*s = i*s - 2*x - 16, 5*s = 4*x + 56. Calculate the remainder when 15 is divided by s.
7
Suppose 7*s - 486 = 1383. Calculate the remainder when s is divided by 91.
85
What is the remainder when 202 is divided by 143/2 - 3